557
What are the prime factors of 37909949?
7, 11, 17, 28961
List the prime factors of 154553763.
3, 7, 13, 566131
List the prime factors of 68005281.
3, 22668427
List the prime factors of 154252317.
3, 19, 1171, 2311
What are the prime factors of 359536948?
2, 53, 1695929
List the prime factors of 2264935564.
2, 1291, 438601
What are the prime factors of 2376539214?
2, 3, 7, 56584267
What are the prime factors of 81480536?
2, 23, 442829
List the prime factors of 398149.
398149
List the prime factors of 52706943.
3, 216901
What are the prime factors of 9495043?
71, 133733
List the prime factors of 1456284258.
2, 3, 11, 13, 37, 1699
List the prime factors of 66242175.
3, 5, 883229
List the prime factors of 1468160539.
2393, 613523
What are the prime factors of 291427599?
3, 7703, 12611
What are the prime factors of 420276698?
2, 317, 662897
What are the prime factors of 284445959?
7, 40635137
List the prime factors of 5223754317.
3, 83, 20978933
What are the prime factors of 5558604536?
2, 694825567
What are the prime factors of 284763068?
2, 211, 337397
List the prime factors of 724583826.
2, 3, 17, 71, 11117
What are the prime factors of 53249918?
2, 149, 178691
List the prime factors of 29936694.
2, 3, 17, 127, 2311
List the prime factors of 122567761.
122567761
What are the prime factors of 76379630?
2, 5, 59, 129457
What are the prime factors of 74859967?
7, 13, 59, 73, 191
List the prime factors of 453090751.
29, 107, 151, 967
List the prime factors of 1001532861.
3, 7, 23, 691189
What are the prime factors of 694285379?
1087, 638717
What are the prime factors of 211130992?
2, 139, 94933
List the prime factors of 26477525.
5, 263, 4027
List the prime factors of 120524086.
2, 60262043
List the prime factors of 20161274.
2, 7, 79, 18229
List the prime factors of 33719002.
2, 449, 37549
List the prime factors of 4463133070.
2, 5, 11, 3889, 10433
List the prime factors of 18459091.
7, 2637013
What are the prime factors of 249413868?
2, 3, 11, 17, 37049
What are the prime factors of 40632485?
5, 67, 121291
What are the prime factors of 79450478?
2, 89, 157, 2843
What are the prime factors of 49301157?
3, 16433719
List the prime factors of 68753152.
2, 13, 73, 283
List the prime factors of 474281264.
2, 179, 165601
What are the prime factors of 653001270?
2, 3, 5, 21766709
List the prime factors of 60914791.
7, 17, 73127
List the prime factors of 46458639.
3, 5162071
What are the prime factors of 876491603?
13, 19, 3548549
What are the prime factors of 8718280341?
3, 23, 79, 193, 8287
List the prime factors of 3585632756.
2, 28697, 31237
What are the prime factors of 673028719?
11, 61184429
What are the prime factors of 1147738673?
191, 6009103
List the prime factors of 1697045214.
2, 3, 31, 751, 12149
List the prime factors of 59124873.
3, 2897, 6803
What are the prime factors of 3409416001?
29, 117566069
List the prime factors of 24308881.
3259, 7459
List the prime factors of 89094622.
2, 44547311
What are the prime factors of 4200612626?
2, 7, 53, 5661203
List the prime factors of 1156040326.
2, 7, 1613, 51193
List the prime factors of 1272085203.
3, 29, 71, 101, 2039
List the prime factors of 1339473639.
3, 7, 17, 139, 26993
List the prime factors of 1281819492.
2, 3, 3956233
What are the prime factors of 64884014?
2, 13, 37, 67447
What are the prime factors of 329708173?
137, 2406629
What are the prime factors of 6855569958?
2, 3, 31, 3221, 11443
What are the prime factors of 1435519522?
2, 53, 13542637
What are the prime factors of 4707145573?
13, 1471, 246151
List the prime factors of 461016908.
2, 11, 263, 39839
What are the prime factors of 3167511136?
2, 113, 149, 5879
List the prime factors of 1980866264.
2, 13, 19046791
List the prime factors of 85183311.
3, 17, 163, 10247
List the prime factors of 538755477.
3, 13, 61, 226463
List the prime factors of 2156145495.
3, 5, 7, 20534719
List the prime factors of 14083911.
3, 103, 15193
What are the prime factors of 5795582?
2, 13, 101, 2207
List the prime factors of 1648151077.
293, 1297, 4337
What are the prime factors of 93867448?
2, 19, 313, 1973
What are the prime factors of 119450662?
2, 59725331
List the prime factors of 54123171.
3, 18041057
What are the prime factors of 198958506?
2, 3, 43, 151, 5107
List the prime factors of 191199210.
2, 3, 5, 6373307
List the prime factors of 531698721.
3, 379, 467633
What are the prime factors of 219761543?
19, 71, 162907
List the prime factors of 30555550.
2, 5, 611111
What are the prime factors of 5290500962?
2, 139, 19030579
What are the prime factors of 25766184?
2, 3, 71, 15121
What are the prime factors of 231642789?
3, 7, 457, 24137
What are the prime factors of 14378647?
14378647
List the prime factors of 202394343.
3, 199, 347, 977
List the prime factors of 215749116.
2, 3, 11, 181607
What are the prime factors of 6507674992?
2, 7, 13, 251, 17807
What are the prime factors of 369922320?
2, 3, 5, 513781
What are the prime factors of 654827986?
2, 23, 14235391
List the prime factors of 105338092.
2, 29, 47, 139
List the prime factors of 26854631.
41, 654991
List the prime factors of 599289632.
2, 127, 239, 617
What are the prime factors of 17667828?
2, 3, 17, 9623
List the prime factors of 2067503.
751, 2753
List the prime factors of 3760894148.
2, 11, 5717, 14951
List the prime factors of 39716590.
2, 5, 17, 307, 761
What are the prime factors of 67747449?
3, 7, 11, 41897
List the prime factors of 23350425.
3, 5, 7, 79, 563
What are the prime factors of 4700358455?
5, 13, 37, 1954411
List the prime factors of 1736756983.
13, 133596691
List the prime factors of 47238356.
2, 11, 1073599
List the prime factors of 937991940.
2, 3, 5, 97, 161167
What are the prime factors of 52844370?
2, 3, 5, 487, 3617
List the prime factors of 20832714.
2, 3, 7, 18371
List the prime factors of 4077979616.
2, 127436863
List the prime factors of 1829264015.
5, 365852803
List the prime factors of 665887915.
5, 7, 11, 293, 5903
What are the prime factors of 23832187?
23832187
List the prime factors of 173228745.
3, 5, 29, 398227
What are the prime factors of 21582446?
2, 1697, 6359
What are the prime factors of 82041575?
5, 7, 11, 17, 23, 109
What are the prime factors of 1145723097?
3, 29, 13169231
List the prime factors of 27251079.
3, 61, 148913
What are the prime factors of 66822741?
3, 1093, 6793
List the prime factors of 29759816.
2, 83, 44819
What are the prime factors of 26197175?
5, 1047887
What are the prime factors of 3221354?
2, 317, 5081
What are the prime factors of 21776350?
2, 5, 37, 79, 149
List the prime factors of 334348675.
5, 13373947
What are the prime factors of 23792353?
13, 1830181
List the prime factors of 1160442214.
2, 19, 30537953
List the prime factors of 973990359.
3, 36073717
What are the prime factors of 1067555970?
2, 3, 5, 13, 17, 17891
What are the prime factors of 36995208?
2, 3, 331, 4657
What are the prime factors of 214818915?
3, 5, 14321261
List the prime factors of 389428278.
2, 3, 233, 278561
List the prime factors of 144370827.
3, 109, 367, 401
What are the prime factors of 193177945?
5, 38635589
List the prime factors of 63198706.
2, 31599353
What are the prime factors of 192057748?
2, 653, 73529
What are the prime factors of 323701316?
2, 53, 967, 1579
List the prime factors of 3539816210.
2, 5, 7, 50568803
What are the prime factors of 57489555?
3, 5, 3832637
What are the prime factors of 65984320?
2, 5, 37, 5573
What are the prime factors of 1165170199?
131, 8894429
What are the prime factors of 1905496362?
2, 3, 7, 11, 109, 12613
List the prime factors of 131839316.
2, 7, 4708547
What are the prime factors of 273487151?
7, 39069593
List the prime factors of 851139077.
851139077
List the prime factors of 1018452713.
37, 2731, 10079
What are the prime factors of 129665613?
3, 7, 11, 17, 53, 89
What are the prime factors of 157283655?
3, 5, 149, 70373
List the prime factors of 559331506.
2, 279665753
What are the prime factors of 298144514?
2, 6067, 24571
What are the prime factors of 203874344?
2, 47, 542219
List the prime factors of 369716737.
13, 29, 75437
List the prime factors of 69011085.
3, 5, 11, 13, 32173
What are the prime factors of 50064523?
50064523
List the prime factors of 878632.
2, 109829
Wh